 the remainder when 107843 is divided by 473?
472
What is the remainder when 5442 is divided by 881?
156
Calculate the remainder when 87538 is divided by 6250.
38
What is the remainder when 51017 is divided by 163?
161
What is the remainder when 43186 is divided by 177?
175
Calculate the remainder when 560969 is divided by 58.
51
Calculate the remainder when 5609 is divided by 2394.
821
What is the remainder when 2327 is divided by 1043?
241
Calculate the remainder when 179550 is divided by 639.
630
Calculate the remainder when 18046 is divided by 392.
14
What is the remainder when 4731 is divided by 105?
6
What is the remainder when 4244 is divided by 90?
14
What is the remainder when 8682 is divided by 332?
50
What is the remainder when 56216 is divided by 1222?
4
What is the remainder when 123954 is divided by 523?
3
What is the remainder when 178541 is divided by 13?
12
Calculate the remainder when 6100749 is divided by 2122.
2121
Calculate the remainder when 59993 is divided by 1276.
21
What is the remainder when 4949 is divided by 208?
165
Calculate the remainder when 153249 is divided by 255.
249
Calculate the remainder when 25808 is divided by 354.
320
Calculate the remainder when 2562 is divided by 637.
14
Calculate the remainder when 8289 is divided by 517.
17
What is the remainder when 3753 is divided by 890?
193
What is the remainder when 12575078 is divided by 1940?
1938
What is the remainder when 4806 is divided by 706?
570
What is the remainder when 1049 is divided by 344?
17
What is the remainder when 52798 is divided by 86?
80
What is the remainder when 107923 is divided by 3597?
13
Calculate the remainder when 642118 is divided by 1292.
1286
Calculate the remainder when 124404 is divided by 179.
178
What is the remainder when 15139 is divided by 1892?
3
Calculate the remainder when 3954 is divided by 887.
406
What is the remainder when 4712 is divided by 105?
92
Calculate the remainder when 760741 is divided by 543.
541
What is the remainder when 42877 is divided by 282?
13
Calculate the remainder when 3471 is divided by 230.
21
Calculate the remainder when 341878 is divided by 1362.
16
What is the remainder when 533518 is divided by 432?
430
Calculate the remainder when 44819 is divided by 166.
165
What is the remainder when 41600 is divided by 1665?
1640
Calculate the remainder when 962384 is divided by 399.
395
What is the remainder when 4257 is divided by 640?
417
Calculate the remainder when 1711 is divided by 1559.
152
What is the remainder when 30801 is divided by 85?
31
Calculate the remainder when 1583878 is divided by 21.
16
What is the remainder when 107149 is divided by 9?
4
What is the remainder when 136313 is divided by 9085?
38
What is the remainder when 70665 is divided by 610?
515
What is the remainder when 248195 is divided by 82730?
5
Calculate the remainder when 234217 is divided by 136.
25
What is the remainder when 60218 is divided by 223?
8
What is the remainder when 595104 is divided by 347?
346
Calculate the remainder when 3348 is divided by 483.
450
Calculate the remainder when 24039 is divided by 12012.
15
Calculate the remainder when 14132 is divided by 829.
39
Calculate the remainder when 2862 is divided by 151.
144
What is the remainder when 35936 is divided by 11860?
356
What is the remainder when 1432 is divided by 1369?
63
Calculate the remainder when 1954 is divided by 254.
176
Calculate the remainder when 322021 is divided by 1146.
1141
What is the remainder when 1434 is divided by 100?
34
What is the remainder when 10351 is divided by 30?
1
What is the remainder when 558293 is divided by 447?
437
Calculate the remainder when 188 is divided by 119.
69
Calculate the remainder when 607 is divided by 199.
10
Calculate the remainder when 50956 is divided by 91.
87
Calculate the remainder when 144360 is divided by 234.
216
What is the remainder when 434143 is divided by 32?
31
What is the remainder when 10073 is divided by 535?
443
What is the remainder when 5627 is divided by 2758?
111
What is the remainder when 10826 is divided by 190?
186
What is the remainder when 27921 is divided by 1550?
21
What is the remainder when 9316 is divided by 1842?
106
Calculate the remainder when 1892 is divided by 582.
146
Calculate the remainder when 415118 is divided by 16.
14
What is the remainder when 655 is divided by 256?
143
What is the remainder when 292345 is divided by 317?
71
Calculate the remainder when 505598 is divided by 18.
14
Calculate the remainder when 138558 is divided by 23089.
24
Calculate the remainder when 1744 is divided by 471.
331
What is the remainder when 3983 is divided by 173?
4
Calculate the remainder when 90900 is divided by 302.
300
Calculate the remainder when 299460 is divided by 99786.
102
Calculate the remainder when 3721 is divided by 2653.
1068
Calculate the remainder when 3385 is divided by 310.
285
What is the remainder when 5531 is divided by 1742?
305
Calculate the remainder when 40180 is divided by 437.
413
What is the remainder when 86854 is divided by 137?
133
Calculate the remainder when 884 is divided by 614.
270
Calculate the remainder when 4296 is divided by 157.
57
Calculate the remainder when 7048 is divided by 105.
13
Calculate the remainder when 3337 is divided by 1350.
637
What is the remainder when 1329 is divided by 306?
105
What is the remainder when 1037 is divided by 20?
17
Calculate the remainder when 98861 is divided by 74.
71
Calculate the remainder when 4291 is divided by 239.
228
Calculate the remainder when 2650996 is divided by 1205.
1201
Calculate the remainder when 2021 is divided by 377.
136
What is the remainder when 73005 is divided by 144?
141
Calculate the remainder when 604 is divided by 583.
21
Calculate the remainder when 740 is divided by 9.
2
Calculate the remainder when 36523 is divided by 12.
7
Calculate the remainder when 2914 is divided by 570.
64
Calculate the remainder when 102988 is divided by 46.
40
What is the remainder when 1585 is divided by 512?
49
Calculate the remainder when 2133 is divided by 94.
65
What is the remainder when 10490 is divided by 263?
233
Calculate the remainder when 16921 is divided by 60.
1
Calculate the remainder when 4582 is divided by 1385.
427
What is the remainder when 10043 is divided by 10023?
20
Calculate the remainder when 47100 is divided by 15601.
297
Calculate the remainder when 174470 is divided by 255.
50
What is the remainder when 1124 is divided by 1111?
13
What is the remainder when 36778 is divided by 146?
132
Calculate the remainder when 48305 is divided by 12075.
5
What is the remainder when 2473555 is divided by 25?
5
What is the remainder when 1790 is divided by 1603?
187
What is the remainder when 1595 is divided by 124?
107
Calculate the remainder when 6422 is divided by 2137.
11
Calculate the remainder when 33479 is divided by 1133.
622
What is the remainder when 174427 is divided by 273?
253
Calculate the remainder when 124487 is divided by 28.
27
What is the remainder when 179563 is divided by 154?
153
What is the remainder when 90085 is divided by 469?
37
Calculate the remainder when 7681 is divided by 167.
166
Calculate the remainder when 114594 is divided by 38126.
216
Calculate the remainder when 92842 is divided by 61.
0
Calculate the remainder when 8867 is divided by 8861.
6
Calculate the remainder when 3006 is divided by 475.
156
What is the remainder when 12834 is divided by 279?
0
What is the remainder when 592489 is divided by 42?
37
What is the remainder when 35808 is divided by 1884?
12
Calculate the remainder when 4405 is divided by 488.
13
Calculate the remainder when 2580 is divided by 38.
34
Calculate the remainder when 197062 is divided by 39.
34
Calculate the remainder when 311930 is divided by 560.
10
Calculate the remainder when 63140 is divided by 1802.
70
What is the remainder when 54474 is divided by 1089?
24
Calculate the remainder when 2358379 is divided by 79.
71
Calculate the remainder when 2145 is divided by 10.
5
Calculate the remainder when 18656 is divided by 100.
56
Calculate the remainder when 2013 is divided by 39.
24
Calculate the remainder when 11724 is divided by 974.
36
Calculate the remainder when 7090 is divided by 1071.
664
What 